ulate the highest common factor of u and z.
1
Suppose -3 - 53 = -28*d. What is the greatest common divisor of 27 and d?
1
Let y = 104 + -28. Suppose -5*k = 6 - y. Suppose 3*g - 34 = -n, -4*g + 16 = n - k. Calculate the greatest common divisor of n and 46.
46
Suppose 2*h - 20 = -2*g + 5*g, 4*h = -3*g + 4. Suppose m - 9 = h*m. Let s be (-18)/m*9/2. Calculate the greatest common divisor of 9 and s.
9
Suppose 4*y + z - 4*z = 38, -2*z - 28 = -3*y. Calculate the highest common factor of 3964 and y.
4
Suppose 1931 = -5*v - 2*b, 206 = -v + 4*b - 189. Let j be 1/(v/(-192) + -2). Calculate the greatest common divisor of 64 and j.
64
Let x(l) = -l**2 - 230*l + 112. Let p be x(0). What is the greatest common factor of p and 3346?
14
Suppose -516*r = -485*r - 82026. What is the greatest common divisor of r and 270?
54
Suppose 6*r - 2*r = 20. Suppose u + r = 3*h - 0*u, -5*h + 5*u = -5. Let z be (176/55)/(12/30). Calculate the highest common factor of h and z.
2
Let w = -280 - -283. Suppose -3*v + w*c + 191 = 5*c, 5*v - 319 = -4*c. What is the greatest common divisor of v and 7?
7
Let m be 1/4 + (-540)/(-144). Suppose 0 = 5*q + m*w + 20, 4*w = 5*q - 0*w - 20. Let g be 7 + (q - 0 - -4). What is the greatest common factor of 44 and g?
11
Let z = 7483 - 7371. Calculate the highest common factor of z and 4424.
56
Suppose -51*m + 125016 = -4269. What is the greatest common divisor of m and 15?
15
Let d be 42/3 + (-185)/(-5). What is the highest common divisor of d and 2873?
17
Suppose -4*i = -8*d + 11*d + 548, i = 4*d - 137. Let a = -113 - i. Suppose 4*n = r + 35, -2*n + 12 + 1 = r. Calculate the greatest common divisor of n and a.
8
Suppose -3*i = 122 + 70. Let h = 217 + i. Calculate the greatest common divisor of h and 18.
9
Let a = -58 - -149. Let g = -136 - -141. Suppose -g*o - a = -2*y, -2*y - 3*o = o - 46. Calculate the greatest common factor of 33 and y.
33
Suppose 9*d = 6*d - 5*d. Let b be ((-8)/(-5))/((-6)/(-240) - d). What is the highest common divisor of 96 and b?
32
Let j be (15/(-2))/(-1 - (-15)/18). Let m = j - 37. Let z(d) = -2*d - 4. Let u be z(-18). What is the highest common factor of u and m?
8
Let m(u) = -5*u. Let l be m(1). Suppose 38 = -a + 54. Let d be a*l/(60/(-9)). Calculate the greatest common divisor of d and 9.
3
Suppose 4*q = 4*d, -d - 20 = -3*d - 3*q. Suppose -2465 = -3*h + 5*a, -d*h - 228 + 3522 = -3*a. What is the greatest common divisor of h and 33?
33
Suppose -80*f = -79346 + 49392 - 109166. Calculate the highest common divisor of f and 1363.
47
Suppose 0 = 5*t - 2*f - 226, -t + 3*f = -37 - 3. Let s = 49 - t. Calculate the greatest common factor of 21 and s.
3
Suppose 3*p - 9 = -3*d - 33, 5*d = -p. Let o be -32*(75/p)/5. Suppose 4*g = -3 + 27. Calculate the greatest common factor of o and g.
6
Suppose -4*p + 3 = 491. Let u = p + 186. Calculate the highest common factor of u and 16.
16
Let a = 5361 - 5360. Let m = 115 - 80. Suppose -5*g - 3*b = -15, -3*g + b = 2*g - m. What is the greatest common divisor of a and g?
1
Suppose 28*g - 37*g = -144. What is the greatest common divisor of 11256 and g?
8
Suppose -4*c - 36 = -108. Suppose -2*p = 59 - 25. Let b(a) = -5*a - 61. Let d be b(p). Calculate the greatest common divisor of d and c.
6
Suppose -5*b - 2*m + 4855 - 299 = 0, 0 = -2*b - 5*m + 1835. What is the highest common divisor of b and 91?
91
Let c(d) be the second derivative of -56*d**3/3 - 3*d**2 + 12*d. Let z be c(-3). Calculate the highest common factor of z and 33.
33
Let v(l) = -2*l**2 + 60*l - 55. Let s be v(29). Suppose o + s = 2, -o = -4*p + 53. What is the greatest common factor of 247 and p?
13
Let o = 7112 + -1523. Calculate the highest common divisor of 69 and o.
69
Suppose -8*i = -2731 + 2451. Let s be ((-5)/(-2))/((-8)/84)*-12. What is the highest common divisor of i and s?
35
Let i = 12183 - 12118. Calculate the greatest common divisor of i and 26.
13
Let y be ((-2)/6)/(3/(-72)). Let r be ((-27)/7 + 1)/(4/(-14)). Suppose y*s + 28 = r*s. Calculate the highest common factor of 35 and s.
7
Suppose -2*w + 928 = 2*w - 3*u, -5*w - 4*u + 1160 = 0. What is the greatest common factor of w and 3538?
58
Let l be 57/9 + -2 - (-4)/(-12). Suppose -l*q - 38 = -d - 9*q, -2*d + 52 = 4*q. What is the highest common factor of 63 and d?
9
Suppose -4*x + 67 + 25 = 0. Let m(a) = -a**3 + 20*a**2 + 7*a - 195. Let v be m(19). Calculate the greatest common factor of x and v.
23
Let x be (-37 + 587)*(2 + 0). Suppose -x = -93*h + 88*h. Calculate the highest common factor of h and 176.
44
Let w be (11/(33/39))/((-825)/(-205) - 4). Let r be (11/(-2) + -1)*-2. What is the greatest common factor of r and w?
13
Let i = -8919 - -13703. Calculate the greatest common factor of i and 208.
208
Let o be (-772)/2702 + (-760)/(-14). Calculate the greatest common factor of o and 267.
3
Let h be 3816 + 265 - (12 - 1). What is the highest common factor of h and 148?
74
Let i be 3311 + -3*1*182/42. Calculate the highest common factor of i and 68.
34
Suppose 2410*t - 2409*t - 36 = 0. Calculate the greatest common divisor of t and 6528.
12
Let j = -43 + 65. Let z(p) = -4*p**3 - 2*p**2 + 14*p + 8. Let h = -233 + 229. Let r be z(h). Calculate the greatest common divisor of r and j.
22
Suppose -c + 4*c = 1365. Let j = c + -193. Let r = j - 154. What is the greatest common divisor of r and 12?
12
Let f be ((-1)/(-2)*-1)/((-234)/2632032). Calculate the greatest common divisor of f and 114.
38
Suppose -330*x - 3*u = -334*x + 666, -3*u + 174 = x. Calculate the highest common factor of 763 and x.
7
Suppose -2*u + 1014 = -2*w, -w = -2*u - 3*u + 2523. Let o = 540 - u. Calculate the highest common factor of o and 48.
12
Let y be (-46)/2 - (-44 - -6). What is the highest common divisor of y and 388?
1
Let p = -41148 - -41154. Let v be (-4)/(-18) + 16/9. Calculate the greatest common divisor of v and p.
2
Let q = 3621 + -3573. Let c(n) = -n**2 + 3. Let z be c(3). Let a be z*8/6*-9. What is the highest common factor of a and q?
24
Suppose -17797 = -30*y + 17*y. What is the greatest common divisor of y and 37?
37
Let n = -278 + 302. Let r = n + 1. Calculate the greatest common divisor of 325 and r.
25
Let k be -1 + (-1761)/(-15) - (-34)/(-85). Suppose 12 = -112*d + k*d. What is the greatest common divisor of 3 and d?
3
Let v = 109 - 133. Let a be -5 - (492/(-8))/(v/(-32)). What is the greatest common divisor of a and 847?
77
Let w be 2*-2 + (-27)/(-3). Suppose 138 = 5*u - t, u - 19 = w*t - 1. Let c = 40 - u. Calculate the greatest common factor of c and 132.
12
Let l be 7 + (-5 - (-7)/((-7)/(-4))). Suppose l*u - u = 25, -5*u = -2*f + 911. What is the highest common factor of 52 and f?
52
Let y(s) = 11*s**2 - 449*s - 5. Let c be y(52). What is the highest common divisor of 166 and c?
83
Suppose 4980 = 10*v - 4170. Calculate the greatest common divisor of 45 and v.
15
Let h be 0 - -3 - (-2)/((-2)/(-5)). What is the greatest common factor of 344 and h?
8
Suppose 2*a + 270 = 7*a. Suppose -133 = -2*f + 5*j, -2*j - 140 = -3*f + a. What is the highest common divisor of f and 48?
16
Suppose 4*w = -16*w + 420. Let a = -1 + w. Let k = 11 + -7. Calculate the highest common factor of k and a.
4
Suppose 0 = -12*x + 9*x - 9. Let b be ((-2)/x)/((-4)/(-12)). Let v be 0 - (-3)/(3/b). Calculate the highest common factor of 4 and v.
2
Let v = -403 + 416. Suppose 2*o - v = 2*j - 55, -64 = -4*j - o. Let r be 6/(1*(-4)/(-34)). Calculate the highest common divisor of j and r.
17
Let s(p) = p**2 + 36*p + 110. Let z be s(-33). Suppose -240 = -z*u + 3*u. Calculate the highest common factor of 20 and u.
10
Let b(z) = 7*z**2 - 52*z - 5. Let t be b(8). Let w = 118 + -82. Calculate the highest common divisor of w and t.
9
Let p be 27*(-3 + 40/12). Let s be (-4)/(-18) + (-387)/(-81). Suppose s*b - 20 = 0, -5*b - 29 - 59 = -3*i. Calculate the greatest common divisor of i and p.
9
Suppose -7*a + 12*a - 12765 = -j, 2*a - 5129 = -5*j. What is the highest common divisor of a and 88?
88
Suppose -22915 + 22183 = -12*y. Calculate the greatest common divisor of y and 7930.
61
Suppose 0 = 14*v - 10*v - 240. Suppose 0*q - 4*k = 4*q - 56, -3*k = 4*q - v. Let l be -8*(-1 - -3)*q/(-16). Calculate the greatest common factor of 54 and l.
18
Suppose 0 = -5*v - 642 - 443. Let w = 295 + v. Calculate the greatest common